ors of v(a)?
2, 83
Let v = -814 - -352. Let z = v + 791. What are the prime factors of z?
7, 47
Let v = 50194 - 35803. What are the prime factors of v?
3, 13, 41
Let q = 38 + -35. Suppose -3*w - 2*v + 13 = 0, -w = q*v - 9 - 0. Suppose -15 - 21 = -w*d. What are the prime factors of d?
2, 3
Suppose 2*o - 405 = 1153. Suppose -9*p - o = -10*p. Suppose -p - 845 = -8*m. List the prime factors of m.
7, 29
Suppose 18*n - 3994321 = -89*n - 24*n. What are the prime factors of n?
30491
Let k(y) = -3*y**2 - y - 14. Let l(v) = -4*v**2 - 13. Let p(n) = 6*k(n) - 7*l(n). Suppose 3*d - 5 = -2*o + 11, d = -5*o + 14. List the prime factors of p(o).
5, 7
Suppose 6*w - 31 = -7. Let l be (-6)/(-12) + w/((-16)/10). What are the prime factors of (5 + 81)*(4 + l)?
2, 43
Let d(a) = 47*a + 3 + 5 - 55*a. What are the prime factors of d(-1)?
2
Suppose 0 = 5*k + 38*t - 34*t - 27942, -3*k + 16764 = 2*t. List the prime factors of k.
2, 3, 7, 19
Suppose 174 = 19*o - 20*o. List the prime factors of (52/(-8))/(((-9)/o)/(-3)).
13, 29
Suppose -z - 2 = 0, 2 = 2*y - 3*y - z. Suppose 2*i + 10 = -5*x, -2*x + y*x = i + 5. Suppose 0 = -x*j - j + 125. List the prime factors of j.
5
Suppose -407 - 447 = 2*q + 5*i, -3*q = 5*i + 1291. What are the prime factors of (13 + q - (-3 - -1))*-1?
2, 211
Let l(o) = 16*o**2 - 6*o. Let j(m) = -16*m**2 + 7*m + 1. Let p(z) = -3*j(z) - 2*l(z). List the prime factors of p(4).
7, 31
Suppose 80 - 2471 = -3*z - 3*j, -6 = 2*j. Let a = z + -316. What are the prime factors of a?
2, 11
Let y = 11994 + 17261. List the prime factors of y.
5, 5851
Suppose 14*i - 91*i - 4234464 = -493*i. List the prime factors of i.
3, 13, 29
Let t be (256/6)/(4/18). Let k = 339 - t. Suppose 4*u = k + 69. What are the prime factors of u?
2, 3
Suppose 8*u = 4*u - 4*o + 101404, 5*u = o + 126749. What are the prime factors of u?
2, 3, 5, 13
Suppose -2*l - 5647 + 14673 = -5*v, 0 = -4*l - 6*v + 17956. List the prime factors of l.
2, 13, 173
Let j be (-5)/(15/(-9)) + 2. Suppose -3*n + j*d - 4*d - 74 = 0, -103 = 4*n + 3*d. What are the prime factors of 8/(-20) - 2035/n?
3
Let p(o) = -12*o - 6. Let l(j) = j + 1. Let b(k) = 5*l(k) - p(k). What are the prime factors of b(21)?
2, 23
Let j(s) = 16*s + 6. Let w = 44 + -43. Let h be j(w). Let n = 75 - h. What are the prime factors of n?
53
Let g(o) = o**3 - 4*o**2 + 8*o - 4. Let z be g(2). Let h = 63 + z. Suppose -h*c + 103 = -66*c. List the prime factors of c.
103
Let o(c) = -30*c + 150. Let n be o(5). Suppose 2*i = 3*l + 170, -2*i - 4*l + 57 + 113 = n. What are the prime factors of i?
5, 17
Let w = 172 - 169. Suppose 1076 = 4*v + 4*s, -w*v + 1 = -5*s - 830. List the prime factors of v.
2, 17
Suppose -3*g - 3*w + 135 = 0, 9*g = 5*g + 4*w + 212. Suppose 0 = g*v - 419 - 64359. List the prime factors of v.
2, 661
Suppose -149*j + 1121540 = -1271698. List the prime factors of j.
2, 3, 2677
Let h(q) = 3*q - 18 + 3*q + 13*q**2 - 23 - 10*q**2 + 6*q. What are the prime factors of h(7)?
2, 5, 19
Suppose 3*i - c - 11 = 0, 0 = -0*c - 2*c + 8. Suppose i = q - 0. Suppose -q - 23 = -n. List the prime factors of n.
2, 7
Suppose 3*r - 19366 = 5*b + 8533, -2*b + 46550 = 5*r. List the prime factors of r.
2, 13, 179
Suppose 3*r + 9 = -5*u, 0 = 2*u + 8 - 2. Let g be (r + 8)/((-6)/(-141)). Let k = g + -159. What are the prime factors of k?
2, 19
Suppose 0 = -3*q - p + 5, 0 = -q + 5*p + 4 - 29. Suppose q = -5*s + 2*s + 24. What are the prime factors of 12/(-8) + 356/s?
43
Let t(k) = 36*k**2 + 47*k - 530. What are the prime factors of t(21)?
16333
Suppose -18*n - 524 = -22*n. Suppose n*j - 124*j = 1064. List the prime factors of j.
2, 19
Suppose 0 = -2*w + 5 - 1. Let s be w/(-5) - 170/(-50). Suppose s*k - 303 = -57. List the prime factors of k.
2, 41
Suppose 5*n = 2*n - 222. Let c(r) = 5*r**2 + r - 3. Let w be c(5). Let y = w + n. What are the prime factors of y?
53
Let p be (-108)/189 + (-4)/(-7). Suppose p = -v + 2*u - 0*u + 528, 0 = 4*v + 3*u - 2112. List the prime factors of v.
2, 3, 11
Suppose 34*y - 1317406 + 123401 = 1278135. What are the prime factors of y?
2, 5, 11, 661
Let r(t) be the second derivative of 7*t**4/12 + t**2/2 - 6*t. Let v be r(-2). Let x = 64 - v. What are the prime factors of x?
5, 7
Let v = 417 - 431. List the prime factors of -3 - 927*v/21.
3, 5, 41
What are the prime factors of 39/(-4)*(6 + (-290)/45)*2256?
2, 13, 47
Let b(y) be the second derivative of 31*y**4/12 + 7*y**3/3 + 27*y**2 + 57*y - 1. List the prime factors of b(-3).
3, 97
Let g be -1032 - (1/((-2)/(-6)) - 2). Let h = -455 - g. List the prime factors of h.
2, 17
Let h(a) = 193*a - 3662. What are the prime factors of h(31)?
11, 211
Let v be (4 - 44/10)/(1/(-5)). What are the prime factors of 39 + v*(-1)/4*-4?
41
Suppose -27*d + 7470 = -76615 - 5285. List the prime factors of d.
2, 5, 331
What are the prime factors of ((-31578)/(-285))/(8/(-205))*-4?
41, 277
Let f(z) = -2*z**2 + 19*z - 38. Let j be f(6). Suppose -8*r + j*r - 3*c + 465 = 0, -5*r - 5*c = -580. List the prime factors of r.
3, 13
Suppose -61 = 7*p - 677. Let l = -91 + p. List the prime factors of l - (3 + 0)/(12/(-376)).
7, 13
Let i = 139 - -128. Suppose -d = -3*d - 5*g + 172, 3*g - i = -3*d. Let o = -30 + d. List the prime factors of o.
61
Let i(y) = -295*y**3 - 6*y**2 - 6*y + 25. What are the prime factors of i(-4)?
37, 509
Suppose -12 = 3*t + 3*t. Let f(m) be the second derivative of 4*m**4/3 - m**3/6 + 3*m**2/2 - 15*m. List the prime factors of f(t).
3, 23
Suppose -1 - 19 = 2*c. Let a = c + 4. What are the prime factors of 5020/70 - a/21?
2, 3
Let a = 11848 + -6358. List the prime factors of a.
2, 3, 5, 61
Let w(q) = -18. Let t(n) = n + 17. Let h(c) = 2*t(c) + 3*w(c). Let v be h(17). Suppose d - 39 = -v. What are the prime factors of d?
5
Let q(n) = -n**3 - 6*n**2 + 3*n + 18. Let r be q(-6). Suppose 11*s - 5470 + 971 = r. List the prime factors of s.
409
Suppose 0 = 35*v - 34*v - 3. Suppose -v*l = 7*z - 5*z - 18, 3*z - l = 5. Let f = z + 24. List the prime factors of f.
3
Let v = -1577 + 1629. Let a = 10 - -6. Let d = a + v. List the prime factors of d.
2, 17
Suppose 49*t + 7534189 = 243*t + 1931081. List the prime factors of t.
2, 7, 2063
Let v = -594 + 599. Suppose -5*f + c = -2910, 7*f = v*f + 2*c + 1156. What are the prime factors of f?
11, 53
Suppose 0 = -7*m + 10*m - 1503. Let d = -282 + m. Suppose -141 - d = -3*f. What are the prime factors of f?
2, 3, 5
Suppose z = 4*v - 48321 - 182374, -v + 57677 = 3*z. What are the prime factors of v?
2, 28837
Suppose 0*o = -7*o + 28. What are the prime factors of o/(-24) + 506/12?
2, 3, 7
Suppose 534*r = 508*r + 407524. List the prime factors of r.
2, 17, 461
Let v be -4 + 30 + -3 + 1. Let b = v + -34. What are the prime factors of ((-146)/(-1))/(b/(-5)) - -2?
3, 5
Let n = 520 + -504. What are the prime factors of (n/(-6))/((-5)/60)?
2
Let p = 342 - 454. What are the prime factors of ((-4608)/p)/(1/7)?
2, 3
Let c be ((-332)/(-10))/((-58)/(-2465)). Let d = -862 + c. What are the prime factors of d?
3, 61
What are the prime factors of 12029 + (-17 - -3) + 8?
11, 1093
List the prime factors of 3 + ((-20)/70 - (-54231)/7).
2, 5, 31
Suppose -4*w + 18726 = 2*o, 0 = -4*o - 0*w + 7*w + 37452. What are the prime factors of o?
3, 3121
Suppose -2*k - 30055 = -3*b, 0 = -93*b + 88*b - 3*k + 50060. List the prime factors of b.
5, 2003
Let p(q) be the second derivative of -q**3/2 + 15*q**2/2 - 32*q. Let s be p(5). Suppose -5*v - v + 1080 = s. List the prime factors of v.
2, 3, 5
Let b(n) = 3*n**3 - 5*n**2 - 24*n + 1. Let a be b(10). Suppose 13*x + a = -508. Let d = -115 - x. What are the prime factors of d?
2, 7
Let r(p) = p**3 + 24*p**2 + 24*p + 13. Let m be r(-10). Suppose 3*a - 4*c = m, 7*a - 2*c = 4*a + 1167. List the prime factors of a.
3, 43
Suppose -16*i - 46 = -3*o - 21*i, 5*i - 24 = -2*o. Let a = 347 + o. What are the prime factors of a?
3, 41
Suppose 10*y - 2*y - 78858 = -10*y. List the prime factors of y.
13, 337
Let p be 1/(-6)*-3*(3 - -7). Suppose -z - p = 0, -8*b + 388 = -6*b + 4*z. List the prime factors of b.
2, 3, 17
Let m = 21 + 18. Suppose -4*h = -3*h - 7. Let u = h + m. What are the prime factors of u?
2, 23
Suppose -6 = 49*x - 47*x, 2*x = 4*a + 1310. Let u = 644 + a. What are the prime factors of u?
3, 5, 7
Let a(o) = -240*o + 3328. List the prime factors o